n 26 is divided by u(o)?
2
Suppose 1730 = -33*u + 7472. Let g(x) = 2*x + 1. Let r be g(1). Suppose 5*w - 2*a = u, -3*w = -r*a - 76 - 23. Calculate the remainder when w is divided by 20.
16
Suppose 222*v - 200*v = 5852. Calculate the remainder when v is divided by 52.
6
Suppose 125 = -350*t + 355*t. What is the remainder when 148 is divided by t?
23
Suppose -104*v - 1147 + 1932 = -3895. Calculate the remainder when 319 is divided by v.
4
Suppose 0 = i + b - 1205, b = 11*i - b - 13216. What is the remainder when i is divided by 596?
10
Suppose -42*x = -11*x - 90 - 592. Calculate the remainder when 2548 is divided by x.
18
Let l(t) = t**3 + 6*t**2 - 163*t + 7. What is the remainder when l(-11) is divided by 121?
106
Let c be ((-9)/(-6)*-2)/1. Let u = 6 + c. Suppose 60*x + 132*x = 38*x + 1848. Calculate the remainder when x is divided by u.
0
Let o = 1541 - 1280. What is the remainder when o is divided by 11?
8
Suppose 4*l = -4*k + 26665 + 2127, -5*k = -5*l + 35980. Calculate the remainder when l is divided by 30.
27
Suppose 830 + 262 = 52*w. Calculate the remainder when 211 is divided by w.
1
Suppose -4*p + 831 = 3*v, -5 = 4*p - 17. Suppose -5*i - 23 + v = 0. Suppose -4*u + 74 - 18 = 0. Calculate the remainder when i is divided by u.
8
Suppose -4*w = 99 - 755. Let u = -3470 + 3512. What is the remainder when w is divided by u?
38
Suppose -w + 98 = 36. Let k(t) = 7*t + 9. Let u = -210 - -210. Calculate the remainder when w is divided by k(u).
8
Suppose 0 = 31*g - 5157 - 27951. Let a = g - 562. What is the remainder when a is divided by 34?
30
Suppose 2 = z - 7. Let f be (2 - (-27)/(-12))/((-3)/84). Suppose -3*u + d = -98, -4*u + f*u = 3*d + 108. Calculate the remainder when u is divided by z.
4
Let h be 21/2 + (-3)/6*1. Let t be 4/h - ((-7340)/25 + -2). Suppose p - 9*p = -t. What is the remainder when 72 is divided by p?
35
Let n = 166 - 167. Let r(j) = 11*j**2 - 2. Calculate the remainder when 107 is divided by r(n).
8
Let g = -4392 + 4409. Calculate the remainder when 233 is divided by g.
12
Let x be (-2)/(40/(-25))*24. Let s be -1 - ((-18)/x - (-27)/(-5)). Suppose -g = 0, 2*g + 144 = s*p - 31. Calculate the remainder when 53 is divided by p.
18
Let x(k) = k**2 - 52*k + 782. Suppose -5*j = -o - 3*o - 117, 24 = j - o. Calculate the remainder when x(35) is divided by j.
19
Let g(j) = 38*j - 351. Let p = -2 + 4. Calculate the remainder when g(10) is divided by p/8 + 11/4.
2
Suppose 0 = 6*n - 27561 - 1155. Let b = 1503 - n. What is the remainder when 6/(-4)*(5 - b/(-21)) is divided by 38?
37
Let r(z) = 3*z**2 - 51*z - 23. Let m(x) = 4*x**3 - 4*x**2 - 3*x + 8. Let u be m(2). Calculate the remainder when r(u) is divided by 8.
7
Let h(a) = 14*a - 3. Let b = 132 + 68. Suppose -13*y - b = -23*y. Calculate the remainder when h(3) is divided by y.
19
Let t(y) = -39*y - 271. Let a be t(-7). Suppose -3*p - 2*p = 20, -22 = -b + a*p. What is the remainder when 75 is divided by b?
5
Suppose -43*g - 4370 = -158*g. What is the remainder when 166 is divided by g?
14
Let k = 37 + -26. Let o = k + 115. Let x = 32 + 0. Calculate the remainder when o is divided by x.
30
Let r = -45 - -46. Let h(a) = 25*a - 7. Calculate the remainder when 43 is divided by h(r).
7
Suppose -76*p + 27*p + 147 = 0. Calculate the remainder when 1518 is divided by p.
0
Let m(c) = -29*c**2 + 137*c - 139. What is the remainder when m(3) is divided by 7 + -2 + 0 + 1?
5
Suppose 10*l - 2699 + 469 = 0. Let m = 481 - l. Calculate the remainder when m is divided by 20.
18
Let b = -68 - -44. Let t be ((-3)/(-2))/((-1)/4). Let v = t - b. What is the remainder when 71 is divided by v?
17
Let s(y) = 6*y + 1. Suppose 301*f - 264 = 295*f. Suppose -53 = -i + f. Calculate the remainder when i is divided by s(4).
22
Let s(a) = 2*a**3 + 2*a**2 + 18*a - 232. Calculate the remainder when s(7) is divided by 97.
96
Let o = -295 - -437. Calculate the remainder when o is divided by ((-224)/(-80))/(1/10).
2
Let m(v) = -v**2 + 6*v + 46. Let w be m(-4). Calculate the remainder when 2/w - ((-3370)/15 + 5) is divided by 2.
0
Let b = 2074 + -1382. Suppose 568 = -b*k + 700*k. Calculate the remainder when k is divided by (-2)/2*1*-19.
14
Calculate the remainder when 16/184 - (-29114)/46*1 is divided by 64.
57
Let r(m) = 118*m - 1874. Calculate the remainder when 179 is divided by r(16).
11
Suppose 3*k - 49 = -2*w, -28 = 2*w + k - 83. Let v(z) = -z**2 + 18*z - 28. Let d be v(12). What is the remainder when -1 - d/(-36) - (-2048)/18 is divided by w?
27
Calculate the remainder when 488 is divided by 22/(-7)*7/(-3) - (-8)/(-6).
2
Suppose 6*n - 5*n - 39 = 0. Let k(f) = f**3 + 6*f**2 - 2*f - 8. Let j be k(-6). Suppose 57*o = 58*o - j. What is the remainder when n is divided by o?
3
Let d = 85 + 253. Let w = 348 - d. Calculate the remainder when 338 is divided by w.
8
Suppose -l + 68 = -5*l. Let r = l - -26. Calculate the remainder when (5 + 12)/(-2*1/(-2)) is divided by r.
8
Let q be (15/(-10) - 0)/(2/(-64)). Suppose -6*h + h = -225. What is the remainder when h is divided by (12/(-7))/(q/(-448))?
13
Let v = -8543 - -8664. Calculate the remainder when 144 is divided by v.
23
What is the remainder when 592 is divided by 3/(-2) - -1*(2068/8)/11?
20
Let w be ((-6)/12)/(((-9)/258)/(-3)). Let l = w + 22. What is the remainder when 35 is divided by 6/l - (-270)/14?
16
Suppose 0 = -2*x + 4*g + 5946, -4*x + 212*g - 215*g = -11892. What is the remainder when x is divided by 13?
9
Let u = -38 + 41. Let l be 16 + (9/3 - u)/(-2). Suppose -10*a + 286 = l. What is the remainder when 101 is divided by a?
20
Suppose -21 = -9*r - 39. Calculate the remainder when (2101/r)/(-11) - (-1)/(-2) is divided by 25.
20
What is the remainder when 1318 is divided by 2/4 - ((-3)/18 + 87100/(-201))?
16
Let u = 7 + 232. Let z = u + -186. Calculate the remainder when 368 is divided by z.
50
Suppose -32*l + 5 = -33*l. Calculate the remainder when 225 is divided by -1*l/((-30)/(-228)).
35
Let g(w) = -w**3 + 99*w**2 - 90*w + 98. Calculate the remainder when g(98) is divided by 81.
72
Let m(b) = -b**2 - 4*b + 21. Let w be m(6). Suppose 18*h = 21*h - 252. What is the remainder when 45 is divided by (h/49)/(w/21 - -2)?
9
Let h(o) = -2*o**3 + 55*o**2 - 77*o - 11. Calculate the remainder when 414 is divided by h(26).
9
Let j(o) = 2*o**2 - 9*o + 7. Let a(k) = 0 + 0 + 3*k - 5 + 4 - 1. Calculate the remainder when a(16) is divided by j(6).
21
Let h(j) = -16*j - 19*j + 37*j + 76. Calculate the remainder when h(-8) is divided by 4.
0
Let w(c) = -5*c**2 - 90*c + 61. Suppose 86 = -5*p - 79. Let d = p - -49. What is the remainder when w(-18) is divided by d?
13
Let o(x) = 209*x + 967. Calculate the remainder when o(8) is divided by 66.
65
Let l(a) = -a + 23. Let m be l(14). Suppose -m = -5*r + 21. Suppose t + q - r = 0, 4*q = -4*t + q + 24. Calculate the remainder when 23 is divided by t.
5
Suppose -u - m + 658 = 0, -m - 6 = -3. What is the remainder when u is divided by 188?
97
Let x(g) = g**3 - 8*g**2 - 6*g - 13. Let w(d) = -d**3 + d**2 + 2*d + 664. Let o be w(0). Suppose -7*z = -8 - o. What is the remainder when z is divided by x(9)?
12
Let g(n) = n**3 - 21*n**2 - 3*n + 210. Calculate the remainder when 214 is divided by g(0).
4
Let r be 6 + -5 + (4 - 2). Suppose 0 = -r*m - 4*o + 58 - 12, -5*o + 47 = 3*m. Calculate the remainder when 16 is divided by m.
2
Let q(b) be the second derivative of b**3/2 + 35*b**2 + b + 209. Let p = 1 - 1. Calculate the remainder when q(p) is divided by 18.
16
Suppose 3*u - 67 = 44. What is the remainder when (-1445)/(-10) - ((-581)/1826 + (-2)/11) is divided by u?
34
Suppose 6*m - 1011 + 333 = 0. Suppose -4*d + 2*y - 320 = 0, 4*d + 306 = -6*y + y. Let a = d + m. What is the remainder when 65 is divided by a?
31
Let t = 328 + 419. Calculate the remainder when t is divided by 62.
3
Let h = -1085 + 760. Let p = 385 + h. Suppose -2*i - 590 = -7*i. Calculate the remainder when i is divided by p.
58
Let h(d) be the first derivative of d**3/3 - 3*d**2/2 + 2*d + 346. Suppose 1 = 4*n - 11. Calculate the remainder when h(n) is divided by 1.
0
Let p(i) = 2*i**2 + 85*i + 689. Calculate the remainder when p(-37) is divided by 16.
10
Let n(k) = k - 6. Let z be n(9). Suppose 0 = -s + 5*b + 23, 2 = -z*s + 2*b + 32. What is the remainder when 198 is divided